Evaluate 0 + (-1 - -4) + (-15 - -7).
-5
Evaluate 5 + 2 + 6 + -9.
4
What is the value of -1 + 1 - -7 - (-2 - -4)?
5
What is the value of -2 - (-12 - (-3 - (8 + -11)))?
10
What is -5 - (-1 + (-9 - -3) + 2)?
0
What is the value of 6 - 2 - (-8 - 1 - -15)?
-2
Calculate -7 - (-4 + 0) - -9.
6
52 + -44 + -6 + 2
4
What is -7 + 10 + -1 - 4?
-2
Evaluate -1 + 12 + -125 + 120.
6
What is -7 + -2 - (7 + -13 + 2)?
-5
What is the value of 0 + 2 + (5 - 2) - 3?
2
What is (-4 - -3) + (-11 - -8) + -5?
-9
What is (-3 - -6) + -10 + 3?
-4
Evaluate 7 + -13 + 1 + 2.
-3
What is -16 + (5 - -1) + 10?
0
Calculate -1 - -5 - (1 + (-3 - -1)).
5
What is the value of 47 + -46 + 1 + -7 + 0?
-5
(0 - (1 + -2)) + -4
-3
Evaluate -4 + 1 - (1 - 1).
-3
What is the value of 10 - (-5 - -17 - 0)?
-2
What is -6 - (-3 - (7 + 0 + -5))?
-1
Evaluate (8 - (5 + 7)) + 8.
4
What is -5 - (1 - 1 - (26 + -24))?
-3
Calculate -2 + (-5 - (-13 - -7)).
-1
2 + (5 - (9 - 5))
3
Calculate 2 + 1 + 3 + 1 + -5.
2
(-2 - -5 - 5) + (9 - 5)
2
What is 13 + -8 - (0 - -3 - -3)?
-1
Calculate 10 + -10 + 11 - 7.
4
Calculate (-10 - -6) + -5 - -3.
-6
Evaluate -2 + 1 - (5 - (13 - 2)).
5
Evaluate 1 + -5 + 5 - -2 - -2.
5
What is (2 + (-4 - -2) - -5) + 1?
6
3 - (-10 + 3 + 1)
9
Evaluate (3 - 1) + -3 + 2 + -6.
-5
-6 + -1 + -2 + 8
-1
Evaluate -5 - (-3 + 3) - (29 + -41).
7
What is the value of -7 + -9 + (18 - 0)?
2
(0 - 2) + 4 - (3 + -2)
1
What is the value of -6 - ((-1 - 3) + -7 + 5)?
0
What is the value of 6 + 4 + 5 + -11?
4
Evaluate 8 - (3 + 3 + -3).
5
What is the value of (6 - 2) + -3 + -3?
-2
Calculate (10 - 4 - -8) + -10.
4
7 - (3 - -3) - -3
4
Calculate (2 - 4) + -3 + 2 + -2.
-5
What is (-15 - -8) + 8 + 1?
2
What is -15 - (5 - (-2 + 3) - 11)?
-8
Evaluate (4 + -10 - 2) + 6.
-2
Calculate -2 + (1 - -3) - (-12 + 15).
-1
Calculate -1 + 1 + (0 - -2) + -1.
1
What is -5 - ((-8 - -2 - 0) + 4)?
-3
What is 7 + -1 - 5 - (4 - 0)?
-3
What is 7 - (-6 + 1 - (2 - 7))?
7
What is -6 - ((2 - 3) + -1)?
-4
What is (3 - 0 - -3) + (-24 - -22)?
4
6 + (-6 - -8 - 4)
4
What is the value of (7 - 9) + (-8 - -2) + 0?
-8
What is the value of 10 + (-1 - -6) + -17?
-2
What is the value of 0 - (-1 - (1 - -2))?
4
What is the value of -6 + 1 + (6 - -1)?
2
Evaluate (3 - 9) + 5 - 5.
-6
What is the value of 7 + -3 - ((-2 - -1) + 5)?
0
What is the value of (-1 + 7 - 2) + 12 + -15?
1
-3 + (2 - 0 - 1) - -4
2
Evaluate -13 + 8 - (-5 - -1).
-1
-3 + 1 + (-2 - -3) + 1
0
What is the value of -6 + 6 + -1 + 0?
-1
-2 - (3 - 1 - 0)
-4
(9 - 7) + (-1 - (1 + 2))
-2
What is -6 - (-16 - (-5 - -2))?
7
-2 - (3 + -5 + 2 + -8)
6
What is 5 + 6 + (-4 - 2)?
5
What is -9 + (-11 - -8 - -18)?
6
Calculate (-7 - -3) + 9 + (1 - 1).
5
Evaluate 8 - (-2 + 12 + -4).
2
What is -5 - (12 - 18) - (0 + -1)?
2
(6 + -5 - 5) + -2 + 2
-4
Evaluate -1 + 8 - (-12 - -14).
5
Evaluate -8 + 11 - (-1 + 1).
3
(1 - 2) + (-6 - -6) + 2
1
What is the value of -1 - ((6 - 3 - 1) + -2)?
-1
Calculate 11 + 1 + (-16 - -17) + -3.
10
What is the value of 3 + (-3 - -4 - 0)?
4
What is -2 - (-4 + 4 - (5 - 5))?
-2
What is (13 - 10) + 3 + (-4 - -1)?
3
Evaluate -1 + (-15 - (-4 - 1) - -6).
-5
What is the value of 6 + -6 + 5 + -6 + -6?
-7
Calculate -2 - -2 - (-3 - -6) - -5.
2
Evaluate 3 - (-3 - (-2 - 0)).
4
Evaluate 1 + 1 + (-2 - -3).
3
What is -1 + -1 + -2 - -2?
-2
What is the value of 3 - (-1 + (3 - 2))?
3
3 + 1 + -3 + (-2 - 2)
-3
Calculate -15 - -9 - (-4 - 0).
-2
1 + 3 + -6 + 0 + 0
-2
Calculate 2 + -7 + (9 - 5).
-1
What is the value of (-19 + 7 - -6) + 1?
-5
What is the value of 4 + (-1 - -2 - (-2 - -3))?
4
What is 4 + (-5 - -4) + 0?
3
-1 - (6 + -9 + 4 + 3)
-5
Calculate 6 + -7 + (10 + -7 - -7).
9
Calculate -3 - (4 + -4) - -6.
3
What is the value of 11 + (-2 - (-4 + 6 - 2))?
9
What is 4 + 1 + 0 - 3?
2
What is 4 - (-1 + -5 - -10)?
0
What is the value of 1 - (0 - -2) - (6 - 9)?
2
What is 1 + 1 + -5 - (0 + 3)?
-6
What is the value of 4 - 1 - (12 + (16 - 21))?
-4
8 + (-11 - -3 - -11)
11
What is the value of -12 + (5 - (5 - 7))?
-5
Calculate (0 - (0 - 7)) + -7.
0
Calculate 1 + 0 + 0 + (-4 - 0).
-3
Calculate (-9 - -6) + 9 + -3.
3
What is the value of 15 + -8 + -12 + 8?
3
Evaluate -2 - (-7 - 1) - (9 - 11).
8
What is the value of 3 - ((2 - 0 - -1) + -4)?
4
Evaluate (-3 - -7) + -4 + (-2 - -4).
2
What is (1 - 9) + -3 + (-8 - -24)?
5
What is the value of -5 - -2 - -5 - -5 - 4?
3
What is the value of 2 + (8 + (4 - 12) - 0)?
2
What is 3 + 5 - (7 - (5 - 8))?
-2
What is (-41 - -45) + -1 + -1?
2
Evaluate 1 - 6 - (-3 - (-16 + 14)).
-4
1 - (3 - (-5 + 7))
0
Evaluate 3 + 0 + (2 - (5 + -2)).
2
(5 - 11) + 5 - -5 - -1
5
1 + 8 + (-25 - -10)
-6
What is 5 + -15 + 16 + -12?
-6
Calculate -2 + 2 + (-6 - (-6 - -4)).
-4
-4 + 1 + -2 + 57 + -49
3
What is the value of -3 + 9 + -10 + (0 - 1)?
-5
Calculate 4 - 11 - (-1 + 2).
-8
(0 - (-1 + 5)) + 2
-2
What is the value of (3 - 7) + (3 - 0)?
-1
Calculate 7 - (-2 + (4 - -4)).
1
-1 - (9 - (-7 + 19))
2
Evaluate 0 + -2 + (-16 - (-4 + -12)).
-2
What is the value of -3 + 3 + 1 + 0 - -6?
7
Calculate -3 + -5 + 0 + 7.
-1
What is (5 - (-1 + 5)) + 4?
5
What is -1 + (4 - -1 - 4)?
0
What is ((-2 - 3) + -2 - -2) + 4?
-1
What is the value of 6 + 0 - (-22 + 27)?
1
What is 2 + -2 + 1 + -1 + 3?
3
(-16 - (-9 + -9)) + -2 + 1
1
5 + -12 - -3 - -6
2
Calculate -1 + (-4 - (-4 - 4)) - 0.
3
What is the value of (7 - 1) + (1 + -1 - 1)?
5
What is (-99 - -105) + (-3 - 0 - 0)?
3
What is the value of -8 + 0 + (-14 - -6) + 7?
-9
What is the value of 2 - (8 + -12 + (4 - 1))?
3
What is the value of -2 + (-4 - -6) + -4?
-4
Evaluate 6 + (6 + -8 - (4 - 9)).
9
-13 + 9 - (4 - 12)
4
What is (-12 - -1) + -21 + 37?
5
-8 - (3 + -12 + 0)
1
Evaluate 3 + (5 - (5 - 0)).
3
Calculate -4 + (-4 - -2) + 8.
2
Evaluate 11 + -4 + -6 - 2.
-1
Evaluate -6 - (-8 + 1) - 6.
-5
What is (2 - 10 - -3) + -1?
-6
13 + -24 + 13 + -8
-6
0 + -3 + -4 + 8 + 1
2
What is 4 - -5 - 3 - 12?
-6
What is (2 - (-2 - (-1 - 2))) + 1?
2
What is the value of -2 - (0 + 0 - (-3 + 4))?
-1
Calculate -4 + (-5 - -2 - -6).
-1
Evaluate 8 - (16 + -1) - -11.
4
Calculate (0 - (0 + -2 + -2)) + -7.
-3
Calculate -1 - (4 + (-7 - -1)).
1
Calculate -1 - -1 - -3 - -1.
4
What is the value of -4 + (7 - 1 - 4)?
-2
What is the value of -1 + -8 + -1 + 7?
-3
What is (1 - 6) + 3 + 1?
-1
What is (1 - 11) + (157 - 144)?
3
What is the value of 1 - (2 + 0) - 2?
-3
What is 2 + (7 - (6 + -6)) + -5?
4
What is the value of 22 - (24 + -4 + -5)?
7
What is (-12 - (-13 + 5)) + 9?
5
Evaluate (7 - (3 + 7)) + (4 - -1).
2
5 - (-3 - (0 + (-6 - 2)))
0
(-1 - (7 - 4)) + 7
3
Calculate -2 + 8 - (-4 + 3 + 5).
2
What is (27 - 29) + (-3 - -1) + 2?
-2
Calculate 4 + (-1 - (0 + 5)).
-2
What is the value of -10 + (-1 + 0 + 6 - 2)?
-7
Evaluate 2 + 6 + -19 + 16 - 11.
-6
Evaluate -5 - (3 - 5 - (13 - 14)).
-4
Calculate (-3 - 0) + (1 - 0).
-2
Evaluate -7 + 9 + (-2 - -4).
4
Calculate 3 - (19 + -9 + (-2 - 5)).
0
Calculate 5 + -10 + -15 - -11.
-9
What is the value of 14 - (27 + -7 + -9)?
3
(-5 - -3 - -8) + -2
4
What is the value of -8 + (30 - 11) + -7?
4
0 + -7 - (13 - 18)
-2
What is the value of -20 + 19 + (1 - -3)?
3
What is (4 - (5 + 0)) + (-4 - 0)?
-5
Evaluate -7 - (-8 - -1 - -5).
-5
Evaluate 60 + -52 + -1 + -5.
2
Calculate 4 + -3 + -4 + -6 + 4.
-5
Evaluate (2 - 3) + 39 + -42.
-4
Calculate -4 + (-2 - (-5 + 3 + -1)).
-3
Calculate 8 - (1 - -3) - 3.
1
What is (7 - 10) + 12 - 4?
5
36 + -37 + 4 + (3 - 1)
5
What is 2 + (-3 - -4) - (2 + 7)?
-6
Calculate -2 + -3 + 1 + 0 - -4.
0
What is 0 - 2 - (-8 + 4 - 1)?
3
What is the value of (6 - 7 - 4) + 9?
4
What is the value of -3 - (-10 - (-3 + 4 + -5))?
3
Calculate 9 - (3 + -4 + 6).
4
What is the value of 4 - (11 + -1) - -2?
-4
What is the value of 2 - -1 - (8 - 4)?
-1
What is -2 + (2 - -1) + 8?
9
Calculate 18 + -16 - (1 + 6).
-5
-6 + -4 + -2 + 4
-8
Evaluate 1 - (-6 - -5) - 0.
2
What is the value of (-23 - (1 - 13)) + 20?
9
Evaluate -1 - (3 - 0) - -1 - -7.
4
What is the value of (-4 + 8 - 10) + -2?
-8
Calculate (-8 - -4 - 0) + 0.
-4
What is -1 + (-2 - 0 - (-7 + 9))?
-5
5 + (-3 + (-4 - -2) - 6)
-6
What is (-4 - 2) + 5 + 0?
-1
What is (19 - 8) + -4 + (5 - 2)?
10
What is the value of (5 - 0) + (-2 - 2) + 5?
6
1 + -5 + (-6 - (-15 + 0))
5
Calculate (-5 + 1 - 0) + 37 + -33.
0
-1 - 5 - (-6 + 5)
-5
What is the value of 2 + 3 - ((12 - 3) + -5)?
1
Calculate 1 + ((-6 - -12) + -7 - -6).
6
9 - (0 - -3) - 5
1
Evaluate 1 + (5 - 7) + -1 + 